ulate 32 + -3 + (-2 - -17 - 22).
22
Evaluate 9 - (-57 + 35 - (-59 - -9)).
-19
What is the value of -3 + 0 - 163 - (4662 + -4690)?
-138
What is the value of 5 + -2 + (-16 - (7 - 87)) - (0 + 3)?
64
-1 + (-9 + 0 - -5) + 1 - -9 - 24
-19
What is the value of -12 + 32 + (-396 - -442)?
66
26 + (44 - -12 - 92)
-10
What is 18 - ((3 - 3) + (185 - 180))?
13
Evaluate (-94 - -1) + 35 - -28.
-30
Evaluate (-27 - ((-24 - -34) + -12)) + 93.
68
What is -151 + 176 - 10 - (-1 - -3 - -48)?
-35
33 + -61 + 32 + 12
16
Calculate -4 + (-6 - (-9 - -11) - 19).
-31
What is the value of 28 - (-3 + 21 + 21 + -29 - 13)?
31
Evaluate (0 - 24 - (-35 - 0) - 23) + (-1 - -8).
-5
Evaluate (-115 - -120) + 7 + (-1 - 13 - (-20 - -18)).
0
What is (30 - -33 - 34) + -48 - (-4 - -82)?
-97
What is the value of 12 + -2 + 61 + (54 - 125)?
0
What is 18 - (-44 + (8 - -19))?
35
What is the value of (2 - 1) + 13 - (-400 - (-517 - -98))?
-5
What is (-23 - (-135 - (18 + -32))) + -23 - -16?
91
-7 + 1 + (327 - 306) + -1 + -37
-23
What is the value of 18 + (41 - 40) + -43?
-24
What is (-2 + 1 - (118 + -131)) + -13?
-1
(16 - -25 - 18) + -12 - -34
45
Evaluate -48 - (-1 - 12 - 2 - (-178 - (-14 - 150))).
-47
3 - (-16 - ((19 - 8) + -13) - -35)
-18
What is the value of -1 + -9 + (35 - 1 - (-6 - (-33 - -27)))?
24
Calculate 7 + ((-11 + 1 - -6) + -3 - (-83 - -87)).
-4
What is -67 + (18 - (-15 - (-14 + -6) - 6))?
-48
Evaluate 128 - (-17 + (-13 + 31 - -4) + 15).
108
What is -105 + -10 + -11 + (-14 - -6 - -10)?
-124
Calculate -6 - (-4 + 8 - (-469 + 452 + (1 - 32))).
-58
Calculate -22 - ((-5 + -17 - -17) + -3).
-14
Calculate (-26 + 0 - 4) + (2 - -13) + -15.
-30
-1151 + 1213 + (0 - -2)
64
What is the value of (75 - 0) + (-61 + 28 + 40 - -6)?
88
Evaluate -39 + (13 - (4 + -4)) + 6 + -14.
-34
What is the value of -8 - (50 - 65) - -33?
40
Evaluate (12 + -26 - -45 - 13) + 3 + 62.
83
What is -7 + (-1 - -4) + -24 + 11 + -50?
-67
What is the value of (-17 - -65) + -44 + (12 - 11) + 1 + 22?
28
Evaluate (52 - 42 - 25) + 38.
23
(-28 - -41 - ((-10 - -3) + 52)) + (-1 - 0)
-33
Calculate -29 - -7 - -85 - 121.
-58
Calculate 4 + (-136 - 0) + (-8 - -11) + 598 + -597.
-128
Calculate -3 + -60 + 16 + -15.
-62
What is -14 - (-8 + 1 + -75) - (0 + 16)?
52
Calculate -55 - (-20 - (-2 + (0 - (2 + -6 + 8)))).
-41
Evaluate -57 + 58 - ((-1 - -7) + (-4 - (-94 + 7))).
-88
What is -11 + 0 - (-110 - -114) - 19?
-34
What is the value of 61 - ((-48 - -1) + (290 - 262))?
80
What is -7 - ((-3 - 18) + (3 - (-143 - -13)))?
-119
Evaluate 35 + -49 + -48 + 51.
-11
What is the value of 5 - (-57 + -6 + 25 + -29)?
72
6 - (3 - 10) - (-26 + -43 - 27)
109
What is (1 - 5) + (-4 - -9) - (-236 + 230)?
7
-27 - 15 - (-115 + 44)
29
What is the value of -313 - (-8 - 308) - (-23 + (-2 - -1))?
27
Evaluate 40 + (5 - 18 - 7) + 18.
38
What is the value of 29 + ((-77 - -14) + -2 - 39)?
-75
Calculate -2 + 26 - 0 - (-25838 + 25771).
91
Evaluate 0 + -50 - (4 - (20 - 34 - -27)).
-41
Evaluate 29 + -20 + -1 + -320 + 339.
27
What is the value of (-10 - 3) + 1223 + -1288?
-78
What is the value of -27 + 13 + (1 - 30) + -702 + 683?
-62
104 + -4 + -20 + -40
40
(80 - 45) + 55 - 49
41
Evaluate -250 + 198 + (1 - -28) + -18.
-41
What is the value of -3 + (40 - 6) + -18 - -7 - 8?
12
What is the value of 4 + (-36 - 0) - (-1220 - -1200)?
-12
What is the value of (-3 - (-45 + 4) - (9 + 5 - 14)) + 1?
39
What is 5 + -45 + 43 + (-3 + 4 - 48)?
-44
What is the value of -37 + -6 + (15 - -7) - -58 - 2?
35
What is 89 - (75 - 26 - 58)?
98
Evaluate 0 + 0 + 9 + 61 + 75 + -131.
14
Evaluate 4 - 2 - (-2 - (-2 - 1)) - (8527 - 8521).
-5
Evaluate -19 + 24 - 60 - (-7 + 30 + -10).
-68
What is the value of 111 + -41 - ((-13 - (16 - 37)) + -3 + -18)?
83
What is the value of 8 - 219 - (13 + -146)?
-78
What is (0 - 6 - (36 - (72 - 38))) + -21?
-29
What is 2249 + -2316 + 1 + 110?
44
Evaluate (-39 - (3 + -1 + 1)) + (12 - (33 + -11)).
-52
(13 - (-16 - -21)) + (19 - (64 + -9))
-28
Calculate -66 + 50 - (3 - -7) - 17.
-43
What is 1586 + -1564 + (19 - (-4 + -1) - 7)?
39
-37 + 6 - (24 + -19 - 22 - -17)
-31
(452 - 306 - (7 + (-6 - -6) + -4)) + 2
145
20 + 9 + -22 + -39 + 27
-5
Calculate -31 + (-22 - (-106 + -14)).
67
69 - 60 - ((-1 - 4) + 2 + 53) - 9
-50
22 + (-28 - -2) - ((4 - -1) + 2)
-11
Evaluate 2510 + -2490 + (-1 + -14 - (-6 - -6)).
5
(-25 - -22) + -28 + 16 + -81
-96
Calculate 5 + 0 + -5 + (-71 - (7 - (-10 - -10))).
-78
Calculate 82 + -34 + -98 - -31.
-19
Evaluate -32 - (-48 + 1) - 57.
-42
6 - (-7 - (3 + 63)) - (-33 - (-46 + 19))
85
What is 0 + 2 - (-16 - ((-16 - -18) + -20)) - 48?
-48
Calculate 33 - (20 - (7 - 5 - -40)).
55
-124 + (9 - (-20 - 6)) - -33
-56
What is the value of -18 + (-18 - (-7 - -1)) - (7 - -6)?
-43
Calculate (-215 - -176) + 7 + 11.
-21
-61 + (-27 - 4 - (-242 - -214))
-64
58 + (-7 + (15 - 12) - -9) + -12
51
(-28 - (-37 + 28 + -19)) + -1 + -3
-4
What is the value of -386 - -268 - (-89 - -11)?
-40
What is the value of (-64 - (31 + -54)) + 8?
-33
(53 - 15 - 30) + -19 + (1 - -82)
72
What is the value of 0 + 6 + -3 + 2 - (-46 - -46 - 46)?
51
What is (26 - 10) + -4 + (23 - 14) + 0?
21
Calculate 47 + -49 + 61 - 25.
34
Evaluate -50 + (79 - 26 - 39).
-36
Evaluate (48 - 22) + 3 + -9 + 7 - 7.
20
What is the value of 7 - (-30 - -25 - (1 + 7) - 13)?
33
What is 39 - (1 + -2) - (15 - 26)?
51
What is the value of (17 - -1) + -1 + 1 + 5633 + -5632?
19
What is (133 - (-53 - -68)) + -31?
87
Calculate -9 - (29 + -40 + 3) - (-2 + -9).
10
Evaluate -28 + 2 + -1 + 44 + -12 + -43.
-38
Evaluate -57 + (163 - 96) + 62 + 4.
76
Evaluate (-48 - (28 - 40)) + -4 + 18 + 4 + -7.
-25
What is the value of 15 + 36 + -28 - 49?
-26
Evaluate (0 - 12) + (-22 + 21 + -14 - 18).
-45
51 + 21 + (-17 - -3) + (-8 - 2)
48
What is the value of -72 - (-51 + (26 - -31))?
-78
(-45 - 14 - -45) + 56
42
What is the value of (3 - 43) + (49 - (28 + 26))?
-45
Calculate 56 - 22 - 76 - -71.
29
Evaluate (129 - 94) + -60 + (48 - -1).
24
Calculate -13 + (-33 - 16 - (-14 + 0)).
-48
Calculate -32 + 39 + (-15 - -5) + -91 + -10.
-104
What is 15 + -17 + -5 + 16 + -29 + 14 + 49?
43
42 + (-263 - -65) + 50
-106
What is (10 + -16 + 8 - 1) + (3 - -13)?
17
Calculate 11 + (-5 - 7) + 9 + 31 + 15 + 7.
61
What is the value of 184 - (-81 + 235) - (2 - 1)?
29
What is (44 - (48 + -7)) + 46?
49
18 - (-1 + (-9 - -5 - 4) - -11)
16
Calculate (35 - (-59 - -119)) + 54.
29
Evaluate (-4 - -2 - -12) + 6077 + -5973 - -3.
117
What is the value of 1 + 5 + -20 + (28 - 16) + -31 - 5?
-38
Evaluate (12 - 0) + -2 + -45 + (11 - (16 - 9)).
-31
-71 - ((81 - 21) + -78)
-53
What is -53 + (-54 - -87) + 17?
-3
What is -11 + -8 - (-46 + (-3 - -30))?
0
Evaluate -13187 + 13245 - (15 + -2).
45
-4 + 1 + 7 + -17 + 21 - -3
11
Evaluate -43 - (30 + -54 + -60).
41
Evaluate -539 - -406 - (-13 + 2 - 6).
-116
What is the value of -45 - (-1 + -50) - (2 + (-2 - 2) + 23)?
-15
What is (-15 - -27 - 6) + (-17 - -14) + 27?
30
Calculate -27 + -29 + (-72 - -2) - -35.
-91
14 + -36 + 5 + 17 - (58 - 1)
-57
What is -1 - -15 - (-18 + 14 + -18)?
36
What is the value of -52 - (-21 - (-9 + 63))?
23
Calculate -99 - 1 - (-3749 - -3558).
91
1 + (-57 - -76) + -24 + 5
1
What is (-27 - 2) + (55 - 13) - 0?
13
Evaluate (-56 - 16) + 76 + (0 - 0) + -14 + 8.
-2
What is the value of 12 - -64 - 46 - 6?
24
What is the value of -232 + 212 + 4 + -1 + 17 + -12 + -10?
-22
Evaluate 57 + (-69 - (-46 - -2)).
32
What is (-616 - -594) + 1 + 1 + 0 + 1?
-19
What is (-16 + 4 - (-1 - -1)) + (2465 - 2416)?
37
0 + 10 + 11 + -36 + -19
-34
Evaluate (32 - (5 - -65)) + 40.
2
(19 - (16 + -16 - 14)) + -101
-68
What is the value of -2 + -90 + (-18 - (-30 + 12)) + 1?
-91
What is (0 - (5 - 7)) + 4 + 27 + -34 - 23?
-24
Calculate -15 + -3 + (20 - ((-10 - -3) + 17)).
-8
Calculate -4 + -132 - (-1049 + 977).
-64
Calculate -2 + (-6 + 3 - 12) - (0 + -3).
-14
What is 63 + -11 + 4 + (3 - -1 - 4)?
56
What is the value of 2 + 32 + (-573 - -578)?
39
What is 33 - (21 - (13 - 22 - (-3 + -16)))?
22
What is the value of 13 + 0 + 430 + -411 + 4?
36
Evaluate 6 - ((-18 - -10 - 26) + (5 - -6)).
29
What is the value of -60 + -138 + -79 + 194?
-83
Evaluate 163 - (65 + 8 + 32).
58
-141 - 4 - (429 + -506)
-68
Evaluate 20 + -11 + (-22 - 21) - -19.
-15
Evaluate 0 + -60 - (14 - ((-48 - -67) + -9 + -4)).
-68
What is 33 + -32 + -1 + -11 - -95?
84
What is (-131 + 184 - 102) + -25?
-74
Evaluate -4 + 